*h = -8*h + 208. Calculate the remainder when h is divided by 35.
34
Let b(r) = -r**3 + 9*r**2 + 5*r - 10. Suppose t - 5*z = 16, 6*z - 3*z = -5*t + 24. Let d be b(t). What is the remainder when d/3 - (-12)/36 is divided by 11?
10
Let v(m) = -m**2 + 6*m - 2. Let b be v(5). Suppose 106 - 154 = -12*r. Calculate the remainder when -6*(0 - 4/b) is divided by r.
0
Let q be (-3 + 4)*2 + 1. Suppose q*p = 3*x + 2*x + 99, 2*p - 2*x - 66 = 0. Suppose -3*z + p + 87 = 0. Calculate the remainder when z is divided by 11.
7
Let n(x) = 2*x**2 - 16*x - 8. What is the remainder when n(-12) is divided by 11?
10
Calculate the remainder when 62 is divided by ((-33)/3 - -19)*(3 + 1).
30
Suppose -9*a + 54*a = 270. What is the remainder when (-39)/(-4) - 3/(-12) is divided by a?
4
Let x = -11 + 34. Let s be (-6 + 3)*4/6. Calculate the remainder when 2/(-3)*267/s is divided by x.
20
Let a = 22 + -13. Suppose -q + a = -10. What is the remainder when 73 is divided by q?
16
Suppose 4*x - 18 = 10. Calculate the remainder when -21*(-4)/(15 - 3) is divided by x.
0
Let j = 938 - 817. Calculate the remainder when j is divided by 31.
28
Let c = -22 - -67. Let k(l) = -13*l - 12*l**3 + 15*l + 5*l**3 + 5*l**3. Calculate the remainder when c is divided by k(-2).
9
Suppose -19*b + 32*b = 2028. What is the remainder when b is divided by 60?
36
Suppose -3*r + 6*r - 4*x - 95 = 0, 63 = 2*r - 3*x. What is the remainder when r is divided by (-102)/(-136) - (-98)/8?
7
Suppose -380 = 11*d - 13*d - c, 0 = d - 5*c - 201. What is the remainder when d is divided by 50?
41
Let m(n) = n**3 + 14*n**2 + 33*n - 11. Let z = -65 + 55. Calculate the remainder when m(z) is divided by (16/6)/((-4)/(-30)).
19
Let c be (-2)/4*3*(-26)/39. What is the remainder when 61 is divided by ((1 + c)/2)/(4/84)?
19
Let u = 17 + -13. Let q be u/14 + (-2)/7. Suppose -16 = -i - 4*l, 4*i = -q*i - 5*l + 42. What is the remainder when 23 is divided by i?
7
Suppose -c + u - 9 = 4*u, -3*c - 5*u - 15 = 0. Suppose c = 2*i - 99 + 33. What is the remainder when 63 is divided by i?
30
Suppose -313*g = -362*g + 11907. Suppose -5 = -h + 56. What is the remainder when g is divided by h?
60
Calculate the remainder when 494 is divided by 70/((-4)/(-2)) + (-36)/18.
32
Let a = 59 - 59. Suppose 9*b - 382 - 302 = a. Calculate the remainder when b is divided by 26.
24
Let t(z) = 4*z**3 - 4*z**2 + 11. Calculate the remainder when t(3) is divided by 26.
5
Let u(n) = 2*n - 3. Let i be u(3). Let f(o) = -4 + 0 + i*o**3 + 5*o**2 - 2*o**3 - 1 - 6*o. What is the remainder when f(-5) is divided by 14?
11
Let y = -41 - -56. What is the remainder when 3/(y/5) + 89 is divided by (4/6)/(4/138)?
21
Suppose 2*o = -2*t + 240 - 52, 2*t = -3*o + 283. Suppose -5*f + o = 15. Calculate the remainder when 95 is divided by f.
15
Let d be 8/20 + 42/(-5). Let o be 1/(d/7 + 1). Calculate the remainder when 22 - o/((-28)/16) is divided by 10.
8
Let r(o) = 5*o**2 - 9*o - 4. Calculate the remainder when r(7) is divided by 45.
43
Suppose -3*o + 4*o - 255 = -5*p, 4*p - o - 213 = 0. What is the remainder when 17951/58 + 2/(1 - 5) is divided by p?
49
Suppose 8*q = 7*q - 10. What is the remainder when ((-4)/q)/(8/440) is divided by 8?
6
Calculate the remainder when 211 is divided by (810/11)/2 - 2/(-11).
26
Let w be (-28 - -35)*1*(2 + -1). Suppose -5*v + 31 = 6. Suppose -w*i + 10 = -v*i. What is the remainder when i is divided by 3?
2
Let t be (90/(-24))/((-1)/8). Suppose -5 - t = -r. What is the remainder when r is divided by 12?
11
What is the remainder when 23 is divided by (384/18)/(-16)*-6?
7
Let l(g) = g**2 + 31*g - 558. What is the remainder when ((-36)/(-6))/(1/6) is divided by l(13)?
8
Suppose -605 - 669 = -26*j. What is the remainder when 137 is divided by j?
39
Suppose -3*l + 0*f = -4*f - 28, 55 = 5*l - 5*f. Let b = -43 - -38. Let v = 67 + b. Calculate the remainder when v is divided by l.
14
Suppose 4*x - 13*x = -2997. Calculate the remainder when x is divided by 39.
21
Suppose 21*q + 8*q - 58 = 0. Calculate the remainder when 29 is divided by q.
1
Let n = 310 + -296. Calculate the remainder when 121 is divided by n.
9
Let w be (4/(-6))/((-2)/9). What is the remainder when 65 is divided by 15/(-10)*(-34)/w?
14
Suppose -5*h + 9*h - 72 = 0. Let n be (-11 + h)*1*-1. Let z(v) = v**3 + 7*v**2 - 4*v + 1. Calculate the remainder when z(n) is divided by 15.
14
Let w = -59 + 57. What is the remainder when 353/2 + (-10)/(-4) + w is divided by 30?
27
Let p(u) = -u**2 - 5*u - 6. Let i be p(-5). Let f(b) = -7*b. What is the remainder when f(i) is divided by 15?
12
Suppose 0 = -5*f + 23 + 7. Suppose 3 = l - p - f, -5*l - 2*p = -38. Calculate the remainder when l is divided by (21/(-6) - -2)*-4.
2
Suppose 3*m = -g - 16, -g - 5*m - 27 + 1 = 0. Calculate the remainder when (g/(-2))/((-9)/(-558)) is divided by 11.
9
What is the remainder when (-8)/(-5)*(100 + 0) is divided by 43?
31
Calculate the remainder when (-553)/(-4) - 140/112 is divided by 36.
29
Suppose 3*x = -4*g - 89, -5*x - 2*g - 2*g = 135. Let l = 29 + x. Let i(f) = 9*f**2 - f + 1. What is the remainder when i(1) is divided by l?
3
Let l(a) = 197*a**3 - 2*a**2 + 4*a - 5. Let k be l(2). Let v be -18 - -21 - (0 + k). Calculate the remainder when (-8)/(-10) + v/(-40) is divided by 11.
7
Suppose 5*o + 4*j = 335, 6*j = 11*j. Let c = 47 + -30. What is the remainder when o is divided by c?
16
Suppose l = 3*q - 36 + 190, 0 = 2*l + 5*q - 363. What is the remainder when l is divided by 34?
33
Let d be (-900)/14 + ((-96)/(-42))/8. Let s = d + 87. What is the remainder when s is divided by 17?
6
Let o be (2 - 1) + 1 + 33. Suppose -y + o + 54 = 0. Let d = -92 - -115. Calculate the remainder when y is divided by d.
20
Let y = 11 + -27. Let w = y + 37. Suppose w = x - 18. What is the remainder when x is divided by 10?
9
Suppose 0 = 5*q - 2*n - 75, -14*q + 2*n = -18*q + 60. What is the remainder when 622 is divided by q?
7
Suppose -26*j + 1584 + 6528 = 0. Calculate the remainder when j is divided by 103.
3
Suppose 0 = 4*h - 8 - 72. Suppose 0*r - h = -5*z - 2*r, -z - 14 = 4*r. Let f = 8 + 1. Calculate the remainder when f is divided by z.
3
Let s(n) = -n**2 + 5. Suppose -3*o - 2*o + 35 = 0. Let m = -3 + o. What is the remainder when s(0) is divided by m?
1
Let x = 1 + 1. What is the remainder when 34 + (1 + -4 - -10) + -4 is divided by -4*x/4*-5?
7
Let c be ((-25)/(-15))/((-3)/(-9)). Let v(o) = 2*o**2 - 4*o - 8. What is the remainder when v(c) is divided by 12?
10
Suppose 0 = 2*c - 9*c + 406. What is the remainder when c is divided by 15?
13
Let f be (-10)/4*6/5. Let i be f/(((-63)/6)/(-7)). What is the remainder when 85*(-3 + (2 - i)) is divided by 22?
19
Let c = 5877 - 5869. What is the remainder when (0 - 2 - 0) + 62 is divided by c?
4
Let u be (-208)/(-8) + 1 + 1. Suppose 264 = u*y - 17*y. Calculate the remainder when y is divided by 6.
0
What is the remainder when 57 is divided by (12 - 6)*-1 - -14?
1
Let b = -119 - -188. Suppose 3*n = -2*c + 75, -3*n - 3*c = c - b. Suppose -6*w + w = -70. Calculate the remainder when n is divided by w.
13
Let c = 140 - 138. What is the remainder when 3 is divided by c?
1
Let r be (4/(-10))/((-8)/280). Let q = 16 - r. What is the remainder when 28 - q*6/4 is divided by 7?
4
Suppose -7*f - 750 = -12*f. Suppose v - f = -2*v. Calculate the remainder when v is divided by 26.
24
Calculate the remainder when ((-55)/110)/((-1)/186) is divided by 8.
5
Suppose 4*v - 1 = 43. Suppose -2*t = 61*t - 378. What is the remainder when v is divided by t?
5
What is the remainder when (-64)/256 + (-1290)/(-8) + -4 is divided by (-21)/(-2) + (-2)/4?
7
Let z(n) be the second derivative of n**5/20 + n**4 + 2*n**3 + 11*n**2/2 - 7*n. Let c be z(-11). Calculate the remainder when 0 - c - 2*-9 is divided by 10.
8
Let p = -21 - -66. What is the remainder when p is divided by 32?
13
Suppose -5*f + 5*y - 3*y = -71, -53 = -5*f - 4*y. Suppose 1 - f = -4*c. Suppose c*b - 6*b + 219 = 0. Calculate the remainder when b is divided by 19.
16
Suppose 2*h - 268 = 4*l + 364, -5*h + 2*l = -1620. Calculate the remainder when h is divided by 33.
29
Suppose -25 = -3*h + a + 86, -5*h + 175 = -5*a. What is the remainder when h is divided by ((-8)/(-10))/(1/25)?
18
Let i = 16 - 7. Let b be (-4)/(-2)*i/6. Calculate the remainder when 7 is 